d39eb
In base 14, what is 0 - -9d8d391?
9d8d391
In base 8, what is 2 - 5521140?
-5521136
In base 8, what is 5 + 431273424?
431273431
In base 11, what is 2122a9 - -13?
212311
In base 16, what is 1 + -899aa7?
-899aa6
In base 11, what is -2 + 46a3331?
46a332a
In base 14, what is 2d + 31279d?
3127cc
In base 6, what is 10322041004 + 4?
10322041012
In base 4, what is -1330101 + 312020?
-1012021
In base 7, what is -32 - 100204606?
-100204641
In base 13, what is 38 + -59cb5?
-59c7a
In base 11, what is -42732 - -369?
-42374
In base 8, what is -161031 - 26?
-161057
In base 6, what is 541504105354 + 4?
541504105402
In base 3, what is -221201222222 - 1121221?
-221210121220
In base 3, what is 1222202 - -12020122?
21020101
In base 2, what is 1 - -1000110100000011110110?
1000110100000011110111
In base 7, what is 1150050 + 553?
1150633
In base 4, what is 20320122 + -102301?
20211221
In base 10, what is 302 - -110742?
111044
In base 4, what is -33210002010 - -1?
-33210002003
In base 3, what is 11222002020121 - -1000?
11222002021121
In base 7, what is -1345540445 - -5?
-1345540440
In base 8, what is -3471 + 4564?
1073
In base 3, what is 2 - 10022010111221200?
-10022010111221121
In base 7, what is 450156403 + -1?
450156402
In base 5, what is 4 - -424110403?
424110412
In base 4, what is -1030 - 2031120112?
-2031121202
In base 14, what is 11006 + 146?
1114c
In base 13, what is 1b - c1062?
-c1044
In base 15, what is 82306 + -27a?
8207b
In base 14, what is 933 + 20b38?
2166b
In base 6, what is 1 + -315420213?
-315420212
In base 4, what is -12 - 1030310320133?
-1030310320211
In base 7, what is -42605650 + -26?
-42606006
In base 13, what is -1ac523bc - -1?
-1ac523bb
In base 2, what is -1101000 + -11001111100010101?
-11001111101111101
In base 7, what is -1461 - 151213?
-153004
In base 13, what is -6 + 84b7ab?
84b7a5
In base 13, what is 4b + 250031?
25007c
In base 9, what is -4534260 + 10?
-4534250
In base 13, what is -2 + 1c0c07?
1c0c05
In base 8, what is 5 - 111433623?
-111433616
In base 16, what is -2 - -4af634?
4af632
In base 7, what is 5 + 144151654?
144151662
In base 8, what is -377 + 3035455?
3035056
In base 15, what is -862a + 521?
-8109
In base 10, what is 11348125 - -4?
11348129
In base 11, what is -2 + 48a14532?
48a14530
In base 10, what is 23348 + -490?
22858
In base 2, what is -111 + -110101101001101010111000?
-110101101001101010111111
In base 5, what is -31344 - 330341?
-412240
In base 10, what is -297085 - -125?
-296960
In base 2, what is 1010011000110100101001110 + -100?
1010011000110100101001010
In base 15, what is 7 - 8455054?
-845504c
In base 7, what is 14330460 + -35?
14330422
In base 12, what is -128a - 2a6?
-1574
In base 9, what is -5 + -47776142?
-47776147
In base 10, what is -80536598 - -5?
-80536593
In base 15, what is 19d - 90a6?
-8e08
In base 4, what is -30323223231 - 3?
-30323223300
In base 11, what is -18a779 - 17?
-18a795
In base 14, what is -42938 + 2ad?
-42669
In base 3, what is -2 - -1100212012200?
1100212012121
In base 10, what is -41 + -38332?
-38373
In base 3, what is -1200201112121 - -2202?
-1200201102212
In base 2, what is -10111 - 111010100001110001?
-111010100010001000
In base 11, what is 64 - a7373?
-a730a
In base 8, what is 101762102 - 5?
101762075
In base 6, what is 0 + 11331443033?
11331443033
In base 12, what is 8a - a42a?
-a360
In base 15, what is -4d31 + 375?
-49ab
In base 16, what is -40 + 281ae?
2816e
In base 6, what is 23 + 243412411?
243412434
In base 2, what is -1000111101111000101101 + 110000100?
-1000111101110010101001
In base 9, what is -162057 - 4120?
-166177
In base 4, what is -10 + 2311323131122?
2311323131112
In base 2, what is 110010010011111100011000 - -110?
110010010011111100011110
In base 8, what is 0 + 265055?
265055
In base 8, what is -31460115 + -2?
-31460117
In base 11, what is 25444a + 149?
254598
In base 12, what is -471b8b - 120?
-4720ab
In base 2, what is 10 - -101101010010001011111101?
101101010010001011111111
In base 12, what is 4590515 + a?
4590523
In base 14, what is 21762a73 + -1?
21762a72
In base 7, what is 31646345 - -1364?
31651042
In base 6, what is 1310 + 144325?
150035
In base 7, what is 1020 + -5662?
-4642
In base 12, what is -5b8 + -7a74?
-8470
In base 6, what is -4023551 - 45513?
-4113504
In base 6, what is -202343024201 + 1?
-202343024200
In base 7, what is 50 - -6463354?
6463434
In base 15, what is 45b5436d + 1?
45b5436e
In base 6, what is 1 + -134105124?
-134105123
In base 2, what is -100011 + 100011000111100001111?
100011000111011101100
In base 11, what is 427530 + 11?
427541
In base 8, what is 34117 + 14153?
50272
In base 15, what is -15a2 - -34027?
32975
In base 12, what is -3a - 594563?
-5945a1
In base 2, what is 1100101010 - -11110110100100101?
11111000001001111
In base 6, what is -435150 + -4225?
-443415
In base 2, what is 1101111011000010010 + 11100111?
1101111011011111001
In base 5, what is 1203220313204 - 0?
1203220313204
In base 4, what is 223 - -210032223013?
210032223302
In base 10, what is -126472 - -752?
-125720
In base 16, what is 49 + -1090f?
-108c6
In base 16, what is -95746 - 49?
-9578f
In base 11, what is -149 + -12687?
-12825
In base 3, what is -112112020012222 + -10?
-112112020020002
In base 8, what is 30712 + -26202?
2510
In base 8, what is -472112642 + -5?
-472112647
In base 8, what is 10134 - 4301?
3633
In base 14, what is 3dc783 - 6?
3dc77b
In base 13, what is -2b2 - 4549?
-482b
In base 2, what is 111010000011001110 - 1?
111010000011001101
In base 10, what is -539706075 + -2?
-539706077
In base 11, what is 7 + 576064?
576070
In base 3, what is -2 - -221002201011202?
221002201011200
In base 13, what is 30a91 + 421b?
34cac
In base 3, what is 100122111221 - -2221?
100122121212
In base 15, what is -147ca + -244?
-14a1e
In base 14, what is 142aa96 - 8?
142aa8c
In base 14, what is -98b + 4d47?
439a
In base 3, what is 102 - -10200202011222?
10200202012101
In base 8, what is -150000 + -13571?
-163571
In base 7, what is -1510664241 - 0?
-1510664241
In base 15, what is -2 - -2da4d30?
2da4d2d
In base 10, what is -23 + 3444854?
3444831
In base 8, what is -2 - 400560160?
-400560162
In base 11, what is 354986 - -5?
354990
In base 6, what is 210 - -325213310?
325213520
In base 11, what is 371aa743 - 1?
371aa742
In base 10, what is 320 - -282504?
282824
In base 6, what is 321111531 + -3?
321111524
In base 11, what is 5902111 - -14?
5902125
In base 9, what is 4134085 - 12?
4134073
In base 16, what is -8ba1 - -140?
-8a61
In base 13, what is 4 + -56ca701?
-56ca6ca
In base 5, what is 134402 + 22302?
212204
In base 7, what is 624 - -5455231?
5456155
In base 6, what is -2150233411 + 4?
-2150233403
In base 10, what is 881573 - 0?
881573
In base 3, what is -1 + -1000102222211221?
-1000102222211222
In base 7, what is 32 + 310334?
310366
In base 10, what is -5 - -17405326?
17405321
In base 7, what is -115666351 + 4?
-115666344
In base 4, what is 210121001 + -1032?
210113303
In base 2, what is 0 - 101001001001000110110?
-101001001001000110110
In base 12, what is -1564853 - -102?
-1564751
In base 7, what is -12226 - -4012?
-5214
In base 4, what is -2111320202023 - 3?
-2111320202032
In base 4, what is -3112312132 - -33?
-3112312033
In base 14, what is 229464 - -1?
229465
In base 4, what is 23201220310 - -1?
23201220311
In base 8, what is 123244 - 12636?
110406
In base 4, what is -23332220130 + 10?
-23332220120
In base 15, what is -4added + 2?
-4addeb
In base 14, what is -127c55 - -d?
-127c46
In base 14, what is 2d5a3 + 593?
2db56
In base 7, what is -5 + 12054154340?
12054154332
In base 2, what is 101100001100100010111100 + -1111?
101100001100100010101101
In base 7, what is -4465433 - -264?
-4465136
In base 15, what is -1 - 1430e061?
-1430e062
In base 2, what is 10000101111110000 - 101011010?
10000101010010110
In base 6, what is 14520450 - 3334?
14513112
In base 5, what is 1102010 - 3122?
1043333
In base 14, what is -809879 + 6?
-809873
In base 2, what is 1100100000 - -1011110001001?
1101010101001
In base 10, what is -299571 + 3204?
-296367
In base 5, what is 412424 - 132404?
230020
In base 7, what is -16052420 + 15?
-16052402
In base 6, what is -5 + -24141422?
-24141431
In base 16, what is -a539e + -2bf?
-a565d
In base 5, what is 20000423032 + -2?
20000423030
In base 16, what is e8 